{"id":326,"date":"2022-03-09T13:08:42","date_gmt":"2022-03-09T12:08:42","guid":{"rendered":"https:\/\/sondainternacional.com\/member\/santi-palacios\/"},"modified":"2024-06-03T13:54:41","modified_gmt":"2024-06-03T11:54:41","slug":"santi-palacios","status":"publish","type":"member","link":"https:\/\/sondainternacional.com\/en\/santi-palacios\/","title":{"rendered":"Santi Palacios"},"content":{"rendered":"<div class=\"container\"><div class=\"row align-items-center justify-content-center\"><div class=\"col-12 col-md-10 pb-1\">\n<p>Since the beginning of his career Santi has focused on migrations, conflicts and human ecology\u2014these interests stemming from his training as a sociologist. His work has been published in major magazines and newspapers worldwide, exhibited in dozens of cities, and it has received a number of national and international awards including a World Press Photo, the Ortega y Gasset journalism award or the World and Spain\u2019s National Photojournalism Award two years running. In 2016 he was part of the team nominated by the Associated Press for the Pulitzer Prize in Breaking News Photography; and in 2018 he was selected by the World Press Photo 6&#215;6 Talent Program in Europe.<\/p>\n<\/div><\/div><\/div>","protected":false},"featured_media":339,"menu_order":1,"template":"","member_types":[166],"class_list":["post-326","member","type-member","status-publish","has-post-thumbnail","hentry","member_types-equipo-en"],"acf":[],"yoast_head":"<!-- This site is optimized with the Yoast SEO plugin v23.0 - https:\/\/yoast.com\/wordpress\/plugins\/seo\/ -->\n<title>Santi Palacios - SONDA Internacional<\/title>\n<meta name=\"description\" content=\"SONDA Internacional, medio de comunicaci\u00f3n independiente y sin \u00e1nimo de lucro, especializado en periodismo visual sobre la crisis clim\u00e1tica\" \/>\n<meta name=\"robots\" content=\"index, follow, max-snippet:-1, max-image-preview:large, max-video-preview:-1\" \/>\n<link rel=\"canonical\" href=\"https:\/\/sondainternacional.com\/en\/santi-palacios\/\" \/>\n<meta property=\"og:locale\" content=\"en_US\" \/>\n<meta property=\"og:type\" content=\"article\" \/>\n<meta property=\"og:title\" content=\"Santi Palacios - SONDA Internacional\" \/>\n<meta property=\"og:description\" content=\"SONDA Internacional, medio de comunicaci\u00f3n independiente y sin \u00e1nimo de lucro, especializado en periodismo visual sobre la crisis clim\u00e1tica\" \/>\n<meta property=\"og:url\" content=\"https:\/\/sondainternacional.com\/en\/santi-palacios\/\" \/>\n<meta property=\"og:site_name\" content=\"SONDA Internacional\" \/>\n<meta property=\"article:publisher\" content=\"https:\/\/www.facebook.com\/SONDAinternacional\/\" \/>\n<meta property=\"article:modified_time\" content=\"2024-06-03T11:54:41+00:00\" \/>\n<meta property=\"og:image\" content=\"https:\/\/sondainternacional.com\/wp-content\/uploads\/2022\/03\/santi_palacios-scaled.jpg\" \/>\n\t<meta property=\"og:image:width\" content=\"2560\" \/>\n\t<meta property=\"og:image:height\" content=\"2560\" \/>\n\t<meta property=\"og:image:type\" content=\"image\/jpeg\" \/>\n<meta name=\"twitter:card\" content=\"summary_large_image\" \/>\n<meta name=\"twitter:site\" content=\"@SondaInt\" \/>\n<meta name=\"twitter:label1\" content=\"Est. reading time\" \/>\n\t<meta name=\"twitter:data1\" content=\"1 minute\" \/>\n<script type=\"application\/ld+json\" class=\"yoast-schema-graph\">{\"@context\":\"https:\/\/schema.org\",\"@graph\":[{\"@type\":\"WebPage\",\"@id\":\"https:\/\/sondainternacional.com\/en\/santi-palacios\/\",\"url\":\"https:\/\/sondainternacional.com\/en\/santi-palacios\/\",\"name\":\"Santi Palacios - SONDA Internacional\",\"isPartOf\":{\"@id\":\"https:\/\/sondainternacional.com\/en\/#website\"},\"primaryImageOfPage\":{\"@id\":\"https:\/\/sondainternacional.com\/en\/santi-palacios\/#primaryimage\"},\"image\":{\"@id\":\"https:\/\/sondainternacional.com\/en\/santi-palacios\/#primaryimage\"},\"thumbnailUrl\":\"https:\/\/sondainternacional.com\/wp-content\/uploads\/2022\/03\/santi_palacios-scaled.jpg\",\"datePublished\":\"2022-03-09T12:08:42+00:00\",\"dateModified\":\"2024-06-03T11:54:41+00:00\",\"description\":\"SONDA Internacional, medio de comunicaci\u00f3n independiente y sin \u00e1nimo de lucro, especializado en periodismo visual sobre la crisis clim\u00e1tica\",\"breadcrumb\":{\"@id\":\"https:\/\/sondainternacional.com\/en\/santi-palacios\/#breadcrumb\"},\"inLanguage\":\"en-US\",\"potentialAction\":[{\"@type\":\"ReadAction\",\"target\":[\"https:\/\/sondainternacional.com\/en\/santi-palacios\/\"]}]},{\"@type\":\"ImageObject\",\"inLanguage\":\"en-US\",\"@id\":\"https:\/\/sondainternacional.com\/en\/santi-palacios\/#primaryimage\",\"url\":\"https:\/\/sondainternacional.com\/wp-content\/uploads\/2022\/03\/santi_palacios-scaled.jpg\",\"contentUrl\":\"https:\/\/sondainternacional.com\/wp-content\/uploads\/2022\/03\/santi_palacios-scaled.jpg\",\"width\":2560,\"height\":2560,\"caption\":\"Santi Palacios Fundador y Director de Sonda Internacional. Periodismo visual sobre crisis clim\u00e1tica.\"},{\"@type\":\"BreadcrumbList\",\"@id\":\"https:\/\/sondainternacional.com\/en\/santi-palacios\/#breadcrumb\",\"itemListElement\":[{\"@type\":\"ListItem\",\"position\":1,\"name\":\"Sonda Internacional\",\"item\":\"https:\/\/sondainternacional.com\/en\/\"},{\"@type\":\"ListItem\",\"position\":2,\"name\":\"Members\",\"item\":\"https:\/\/sondainternacional.com\/en\/member\/\"},{\"@type\":\"ListItem\",\"position\":3,\"name\":\"Santi Palacios\"}]},{\"@type\":\"WebSite\",\"@id\":\"https:\/\/sondainternacional.com\/en\/#website\",\"url\":\"https:\/\/sondainternacional.com\/en\/\",\"name\":\"SONDA Internacional\",\"description\":\"Sonda internacional - Periodismo Visual sobre la Crisis Clim\u00e1tica\",\"publisher\":{\"@id\":\"https:\/\/sondainternacional.com\/en\/#organization\"},\"potentialAction\":[{\"@type\":\"SearchAction\",\"target\":{\"@type\":\"EntryPoint\",\"urlTemplate\":\"https:\/\/sondainternacional.com\/en\/?s={search_term_string}\"},\"query-input\":\"required name=search_term_string\"}],\"inLanguage\":\"en-US\"},{\"@type\":\"Organization\",\"@id\":\"https:\/\/sondainternacional.com\/en\/#organization\",\"name\":\"Sonda Internacional\",\"url\":\"https:\/\/sondainternacional.com\/en\/\",\"logo\":{\"@type\":\"ImageObject\",\"inLanguage\":\"en-US\",\"@id\":\"https:\/\/sondainternacional.com\/en\/#\/schema\/logo\/image\/\",\"url\":\"https:\/\/sondainternacional.com\/wp-content\/uploads\/2022\/03\/logotipo-sonda-3.png\",\"contentUrl\":\"https:\/\/sondainternacional.com\/wp-content\/uploads\/2022\/03\/logotipo-sonda-3.png\",\"width\":576,\"height\":195,\"caption\":\"Sonda Internacional\"},\"image\":{\"@id\":\"https:\/\/sondainternacional.com\/en\/#\/schema\/logo\/image\/\"},\"sameAs\":[\"https:\/\/www.facebook.com\/SONDAinternacional\/\",\"https:\/\/x.com\/SondaInt\",\"https:\/\/www.instagram.com\/sondainternacional\/\",\"https:\/\/www.linkedin.com\/company\/sonda-internacional\/\",\"https:\/\/www.youtube.com\/channel\/UCfXRwpt3KDr2WtAMXMRfUhw\",\"https:\/\/en.wikipedia.org\/wiki\/Santi_Palacios\"]}]}<\/script>\n<!-- \/ Yoast SEO plugin. -->","yoast_head_json":{"title":"Santi Palacios - SONDA Internacional","description":"SONDA Internacional, medio de comunicaci\u00f3n independiente y sin \u00e1nimo de lucro, especializado en periodismo visual sobre la crisis clim\u00e1tica","robots":{"index":"index","follow":"follow","max-snippet":"max-snippet:-1","max-image-preview":"max-image-preview:large","max-video-preview":"max-video-preview:-1"},"canonical":"https:\/\/sondainternacional.com\/en\/santi-palacios\/","og_locale":"en_US","og_type":"article","og_title":"Santi Palacios - SONDA Internacional","og_description":"SONDA Internacional, medio de comunicaci\u00f3n independiente y sin \u00e1nimo de lucro, especializado en periodismo visual sobre la crisis clim\u00e1tica","og_url":"https:\/\/sondainternacional.com\/en\/santi-palacios\/","og_site_name":"SONDA Internacional","article_publisher":"https:\/\/www.facebook.com\/SONDAinternacional\/","article_modified_time":"2024-06-03T11:54:41+00:00","og_image":[{"width":2560,"height":2560,"url":"https:\/\/sondainternacional.com\/wp-content\/uploads\/2022\/03\/santi_palacios-scaled.jpg","type":"image\/jpeg"}],"twitter_card":"summary_large_image","twitter_site":"@SondaInt","twitter_misc":{"Est. reading time":"1 minute"},"schema":{"@context":"https:\/\/schema.org","@graph":[{"@type":"WebPage","@id":"https:\/\/sondainternacional.com\/en\/santi-palacios\/","url":"https:\/\/sondainternacional.com\/en\/santi-palacios\/","name":"Santi Palacios - SONDA Internacional","isPartOf":{"@id":"https:\/\/sondainternacional.com\/en\/#website"},"primaryImageOfPage":{"@id":"https:\/\/sondainternacional.com\/en\/santi-palacios\/#primaryimage"},"image":{"@id":"https:\/\/sondainternacional.com\/en\/santi-palacios\/#primaryimage"},"thumbnailUrl":"https:\/\/sondainternacional.com\/wp-content\/uploads\/2022\/03\/santi_palacios-scaled.jpg","datePublished":"2022-03-09T12:08:42+00:00","dateModified":"2024-06-03T11:54:41+00:00","description":"SONDA Internacional, medio de comunicaci\u00f3n independiente y sin \u00e1nimo de lucro, especializado en periodismo visual sobre la crisis clim\u00e1tica","breadcrumb":{"@id":"https:\/\/sondainternacional.com\/en\/santi-palacios\/#breadcrumb"},"inLanguage":"en-US","potentialAction":[{"@type":"ReadAction","target":["https:\/\/sondainternacional.com\/en\/santi-palacios\/"]}]},{"@type":"ImageObject","inLanguage":"en-US","@id":"https:\/\/sondainternacional.com\/en\/santi-palacios\/#primaryimage","url":"https:\/\/sondainternacional.com\/wp-content\/uploads\/2022\/03\/santi_palacios-scaled.jpg","contentUrl":"https:\/\/sondainternacional.com\/wp-content\/uploads\/2022\/03\/santi_palacios-scaled.jpg","width":2560,"height":2560,"caption":"Santi Palacios Fundador y Director de Sonda Internacional. Periodismo visual sobre crisis clim\u00e1tica."},{"@type":"BreadcrumbList","@id":"https:\/\/sondainternacional.com\/en\/santi-palacios\/#breadcrumb","itemListElement":[{"@type":"ListItem","position":1,"name":"Sonda Internacional","item":"https:\/\/sondainternacional.com\/en\/"},{"@type":"ListItem","position":2,"name":"Members","item":"https:\/\/sondainternacional.com\/en\/member\/"},{"@type":"ListItem","position":3,"name":"Santi Palacios"}]},{"@type":"WebSite","@id":"https:\/\/sondainternacional.com\/en\/#website","url":"https:\/\/sondainternacional.com\/en\/","name":"SONDA Internacional","description":"Sonda internacional - Periodismo Visual sobre la Crisis Clim\u00e1tica","publisher":{"@id":"https:\/\/sondainternacional.com\/en\/#organization"},"potentialAction":[{"@type":"SearchAction","target":{"@type":"EntryPoint","urlTemplate":"https:\/\/sondainternacional.com\/en\/?s={search_term_string}"},"query-input":"required name=search_term_string"}],"inLanguage":"en-US"},{"@type":"Organization","@id":"https:\/\/sondainternacional.com\/en\/#organization","name":"Sonda Internacional","url":"https:\/\/sondainternacional.com\/en\/","logo":{"@type":"ImageObject","inLanguage":"en-US","@id":"https:\/\/sondainternacional.com\/en\/#\/schema\/logo\/image\/","url":"https:\/\/sondainternacional.com\/wp-content\/uploads\/2022\/03\/logotipo-sonda-3.png","contentUrl":"https:\/\/sondainternacional.com\/wp-content\/uploads\/2022\/03\/logotipo-sonda-3.png","width":576,"height":195,"caption":"Sonda Internacional"},"image":{"@id":"https:\/\/sondainternacional.com\/en\/#\/schema\/logo\/image\/"},"sameAs":["https:\/\/www.facebook.com\/SONDAinternacional\/","https:\/\/x.com\/SondaInt","https:\/\/www.instagram.com\/sondainternacional\/","https:\/\/www.linkedin.com\/company\/sonda-internacional\/","https:\/\/www.youtube.com\/channel\/UCfXRwpt3KDr2WtAMXMRfUhw","https:\/\/en.wikipedia.org\/wiki\/Santi_Palacios"]}]}},"_links":{"self":[{"href":"https:\/\/sondainternacional.com\/en\/wp-json\/wp\/v2\/member\/326","targetHints":{"allow":["GET"]}}],"collection":[{"href":"https:\/\/sondainternacional.com\/en\/wp-json\/wp\/v2\/member"}],"about":[{"href":"https:\/\/sondainternacional.com\/en\/wp-json\/wp\/v2\/types\/member"}],"wp:featuredmedia":[{"embeddable":true,"href":"https:\/\/sondainternacional.com\/en\/wp-json\/wp\/v2\/media\/339"}],"wp:attachment":[{"href":"https:\/\/sondainternacional.com\/en\/wp-json\/wp\/v2\/media?parent=326"}],"wp:term":[{"taxonomy":"member_types","embeddable":true,"href":"https:\/\/sondainternacional.com\/en\/wp-json\/wp\/v2\/member_types?post=326"}],"curies":[{"name":"wp","href":"https:\/\/api.w.org\/{rel}","templated":true}]}}

<!-- This site is optimized with the Yoast SEO plugin v23.0 - https://yoast.com/wordpress/plugins/seo/ -->
<title>Santi Palacios - SONDA Internacional</title>
<meta name="description" content="SONDA Internacional, medio de comunicación independiente y sin ánimo de lucro, especializado en periodismo visual sobre la crisis climática" />
<meta name="robots" content="index, follow, max-snippet:-1, max-image-preview:large, max-video-preview:-1" />
<link rel="canonical" href="https://sondainternacional.com/en/santi-palacios/" />
<meta property="og:locale" content="en_US" />
<meta property="og:type" content="article" />
<meta property="og:title" content="Santi Palacios - SONDA Internacional" />
<meta property="og:description" content="SONDA Internacional, medio de comunicación independiente y sin ánimo de lucro, especializado en periodismo visual sobre la crisis climática" />
<meta property="og:url" content="https://sondainternacional.com/en/santi-palacios/" />
<meta property="og:site_name" content="SONDA Internacional" />
<meta property="article:publisher" content="https://www.facebook.com/SONDAinternacional/" />
<meta property="article:modified_time" content="2024-06-03T11:54:41+00:00" />
<meta property="og:image" content="https://sondainternacional.com/wp-content/uploads/2022/03/santi_palacios-scaled.jpg" />
	<meta property="og:image:width" content="2560" />
	<meta property="og:image:height" content="2560" />
	<meta property="og:image:type" content="image/jpeg" />
<meta name="twitter:card" content="summary_large_image" />
<meta name="twitter:site" content="@SondaInt" />
<meta name="twitter:label1" content="Est. reading time" />
	<meta name="twitter:data1" content="1 minute" />
<script type="application/ld+json" class="yoast-schema-graph">{"@context":"https://schema.org","@graph":[{"@type":"WebPage","@id":"https://sondainternacional.com/en/santi-palacios/","url":"https://sondainternacional.com/en/santi-palacios/","name":"Santi Palacios - SONDA Internacional","isPartOf":{"@id":"https://sondainternacional.com/en/#website"},"primaryImageOfPage":{"@id":"https://sondainternacional.com/en/santi-palacios/#primaryimage"},"image":{"@id":"https://sondainternacional.com/en/santi-palacios/#primaryimage"},"thumbnailUrl":"https://sondainternacional.com/wp-content/uploads/2022/03/santi_palacios-scaled.jpg","datePublished":"2022-03-09T12:08:42+00:00","dateModified":"2024-06-03T11:54:41+00:00","description":"SONDA Internacional, medio de comunicación independiente y sin ánimo de lucro, especializado en periodismo visual sobre la crisis climática","breadcrumb":{"@id":"https://sondainternacional.com/en/santi-palacios/#breadcrumb"},"inLanguage":"en-US","potentialAction":[{"@type":"ReadAction","target":["https://sondainternacional.com/en/santi-palacios/"]}]},{"@type":"ImageObject","inLanguage":"en-US","@id":"https://sondainternacional.com/en/santi-palacios/#primaryimage","url":"https://sondainternacional.com/wp-content/uploads/2022/03/santi_palacios-scaled.jpg","contentUrl":"https://sondainternacional.com/wp-content/uploads/2022/03/santi_palacios-scaled.jpg","width":2560,"height":2560,"caption":"Santi Palacios Fundador y Director de Sonda Internacional. Periodismo visual sobre crisis climática."},{"@type":"BreadcrumbList","@id":"https://sondainternacional.com/en/santi-palacios/#breadcrumb","itemListElement":[{"@type":"ListItem","position":1,"name":"Sonda Internacional","item":"https://sondainternacional.com/en/"},{"@type":"ListItem","position":2,"name":"Members","item":"https://sondainternacional.com/en/member/"},{"@type":"ListItem","position":3,"name":"Santi Palacios"}]},{"@type":"WebSite","@id":"https://sondainternacional.com/en/#website","url":"https://sondainternacional.com/en/","name":"SONDA Internacional","description":"Sonda internacional - Periodismo Visual sobre la Crisis Climática","publisher":{"@id":"https://sondainternacional.com/en/#organization"},"potentialAction":[{"@type":"SearchAction","target":{"@type":"EntryPoint","urlTemplate":"https://sondainternacional.com/en/?s={search_term_string}"},"query-input":"required name=search_term_string"}],"inLanguage":"en-US"},{"@type":"Organization","@id":"https://sondainternacional.com/en/#organization","name":"Sonda Internacional","url":"https://sondainternacional.com/en/","logo":{"@type":"ImageObject","inLanguage":"en-US","@id":"https://sondainternacional.com/en/#/schema/logo/image/","url":"https://sondainternacional.com/wp-content/uploads/2022/03/logotipo-sonda-3.png","contentUrl":"https://sondainternacional.com/wp-content/uploads/2022/03/logotipo-sonda-3.png","width":576,"height":195,"caption":"Sonda Internacional"},"image":{"@id":"https://sondainternacional.com/en/#/schema/logo/image/"},"sameAs":["https://www.facebook.com/SONDAinternacional/","https://x.com/SondaInt","https://www.instagram.com/sondainternacional/","https://www.linkedin.com/company/sonda-internacional/","https://www.youtube.com/channel/UCfXRwpt3KDr2WtAMXMRfUhw","https://en.wikipedia.org/wiki/Santi_Palacios"]}]}</script>
<!-- / Yoast SEO plugin. -->

SONDA Internacional, medio de comunicación independiente y sin ánimo de lucro, especializado en periodismo visual sobre la crisis climática

Santi Palacios Fundador y Director de Sonda Internacional. Periodismo visual sobre crisis climática.

Sonda internacional - Periodismo Visual sobre la Crisis Climática
